[INFO] cloning repository https://github.com/akshanshgusain/Actix-Web-Authentication
[INFO] running `Command { std: "git" "-c" "credential.helper=" "-c" "credential.helper=/workspace/cargo-home/bin/git-credential-null" "clone" "--bare" "https://github.com/akshanshgusain/Actix-Web-Authentication" "/workspace/cache/git-repos/https%3A%2F%2Fgithub.com%2Fakshanshgusain%2FActix-Web-Authentication", kill_on_drop: false }`
[INFO] [stderr] Cloning into bare repository '/workspace/cache/git-repos/https%3A%2F%2Fgithub.com%2Fakshanshgusain%2FActix-Web-Authentication'...
[INFO] running `Command { std: "git" "rev-parse" "HEAD", kill_on_drop: false }`
[INFO] [stdout] 12e37cbb1ca337ede5e8dda6165527933ee352e0
[INFO] checking akshanshgusain/Actix-Web-Authentication against master#9610dfe5a9a731ced1ea4923ecbd0c57fe367898 for beta-170-4
[INFO] running `Command { std: "git" "clone" "/workspace/cache/git-repos/https%3A%2F%2Fgithub.com%2Fakshanshgusain%2FActix-Web-Authentication" "/workspace/builds/worker-7-tc1/source", kill_on_drop: false }`
[INFO] [stderr] Cloning into '/workspace/builds/worker-7-tc1/source'...
[INFO] [stderr] done.
[INFO] validating manifest of git repo https://github.com/akshanshgusain/Actix-Web-Authentication on toolchain 9610dfe5a9a731ced1ea4923ecbd0c57fe367898
[INFO] running `Command { std: CARGO_HOME="/workspace/cargo-home" RUSTUP_HOME="/workspace/rustup-home" "/workspace/cargo-home/bin/cargo" "+9610dfe5a9a731ced1ea4923ecbd0c57fe367898" "metadata" "--manifest-path" "Cargo.toml" "--no-deps", kill_on_drop: false }`
[INFO] started tweaking git repo https://github.com/akshanshgusain/Actix-Web-Authentication
[INFO] finished tweaking git repo https://github.com/akshanshgusain/Actix-Web-Authentication
[INFO] tweaked toml for git repo https://github.com/akshanshgusain/Actix-Web-Authentication written to /workspace/builds/worker-7-tc1/source/Cargo.toml
[INFO] crate git repo https://github.com/akshanshgusain/Actix-Web-Authentication already has a lockfile, it will not be regenerated
[INFO] running `Command { std: CARGO_HOME="/workspace/cargo-home" RUSTUP_HOME="/workspace/rustup-home" "/workspace/cargo-home/bin/cargo" "+9610dfe5a9a731ced1ea4923ecbd0c57fe367898" "fetch" "--manifest-path" "Cargo.toml", kill_on_drop: false }`
[INFO] [stderr]     Updating crates.io index
[INFO] [stderr]  Downloading crates ...
[INFO] [stderr]   Downloaded sqlx-macros v0.3.5
[INFO] [stderr]   Downloaded eyre v0.4.3
[INFO] [stderr]   Downloaded color-backtrace v0.4.2
[INFO] [stderr]   Downloaded sqlx v0.3.5
[INFO] [stderr]   Downloaded validator v0.10.1
[INFO] [stderr]   Downloaded validator_derive v0.10.1
[INFO] [stderr]   Downloaded sqlx-core v0.3.5
[INFO] [stderr]   Downloaded color-eyre v0.3.4
[INFO] [stderr]   Downloaded argonautica v0.2.0
[INFO] running `Command { std: "docker" "create" "-v" "/var/lib/crater-agent-workspace/builds/worker-7-tc1/target:/opt/rustwide/target:rw,Z" "-v" "/var/lib/crater-agent-workspace/builds/worker-7-tc1/source:/opt/rustwide/workdir:ro,Z" "-v" "/var/lib/crater-agent-workspace/cargo-home:/opt/rustwide/cargo-home:ro,Z" "-v" "/var/lib/crater-agent-workspace/rustup-home:/opt/rustwide/rustup-home:ro,Z" "-e" "SOURCE_DIR=/opt/rustwide/workdir" "-e" "CARGO_TARGET_DIR=/opt/rustwide/target" "-e" "CARGO_HOME=/opt/rustwide/cargo-home" "-e" "RUSTUP_HOME=/opt/rustwide/rustup-home" "-w" "/opt/rustwide/workdir" "-m" "1610612736" "--user" "0:0" "--network" "none" "ghcr.io/rust-lang/crates-build-env/linux@sha256:19e73879b68f455e41552ea35293514db52ea292d993f571636dbffedb77a1ee" "/opt/rustwide/cargo-home/bin/cargo" "+9610dfe5a9a731ced1ea4923ecbd0c57fe367898" "metadata" "--no-deps" "--format-version=1", kill_on_drop: false }`
[INFO] [stdout] bfc564d7295a5f4dac910b620c03721b7da0396c6623ac82f58311f5db341a80
[INFO] running `Command { std: "docker" "start" "-a" "bfc564d7295a5f4dac910b620c03721b7da0396c6623ac82f58311f5db341a80", kill_on_drop: false }`
[INFO] running `Command { std: "docker" "inspect" "bfc564d7295a5f4dac910b620c03721b7da0396c6623ac82f58311f5db341a80", kill_on_drop: false }`
[INFO] running `Command { std: "docker" "rm" "-f" "bfc564d7295a5f4dac910b620c03721b7da0396c6623ac82f58311f5db341a80", kill_on_drop: false }`
[INFO] [stdout] bfc564d7295a5f4dac910b620c03721b7da0396c6623ac82f58311f5db341a80
[INFO] running `Command { std: "docker" "create" "-v" "/var/lib/crater-agent-workspace/builds/worker-7-tc1/target:/opt/rustwide/target:rw,Z" "-v" "/var/lib/crater-agent-workspace/builds/worker-7-tc1/source:/opt/rustwide/workdir:ro,Z" "-v" "/var/lib/crater-agent-workspace/cargo-home:/opt/rustwide/cargo-home:ro,Z" "-v" "/var/lib/crater-agent-workspace/rustup-home:/opt/rustwide/rustup-home:ro,Z" "-e" "SOURCE_DIR=/opt/rustwide/workdir" "-e" "CARGO_TARGET_DIR=/opt/rustwide/target" "-e" "CARGO_INCREMENTAL=0" "-e" "RUST_BACKTRACE=full" "-e" "RUSTFLAGS=--cap-lints=forbid" "-e" "RUSTDOCFLAGS=--cap-lints=forbid" "-e" "CARGO_HOME=/opt/rustwide/cargo-home" "-e" "RUSTUP_HOME=/opt/rustwide/rustup-home" "-w" "/opt/rustwide/workdir" "-m" "1610612736" "--user" "0:0" "--network" "none" "ghcr.io/rust-lang/crates-build-env/linux@sha256:19e73879b68f455e41552ea35293514db52ea292d993f571636dbffedb77a1ee" "/opt/rustwide/cargo-home/bin/cargo" "+9610dfe5a9a731ced1ea4923ecbd0c57fe367898" "check" "--frozen" "--all" "--all-targets" "--message-format=json", kill_on_drop: false }`
[INFO] [stdout] 20245a1086115e9817a4278f451333e30e430f9e11c37d043f7f9ed44384fd6e
[INFO] running `Command { std: "docker" "start" "-a" "20245a1086115e9817a4278f451333e30e430f9e11c37d043f7f9ed44384fd6e", kill_on_drop: false }`
[INFO] [stderr]    Compiling libc v0.2.124
[INFO] [stderr]    Compiling autocfg v1.1.0
[INFO] [stderr]    Compiling proc-macro2 v1.0.37
[INFO] [stderr]    Compiling memchr v2.4.1
[INFO] [stderr]    Compiling syn v1.0.91
[INFO] [stderr]    Compiling log v0.4.16
[INFO] [stderr]    Compiling typenum v1.15.0
[INFO] [stderr]    Compiling futures-core v0.3.21
[INFO] [stderr]    Compiling cfg-if v1.0.0
[INFO] [stderr]    Compiling serde_derive v1.0.136
[INFO] [stderr]     Checking once_cell v1.10.0
[INFO] [stderr]     Checking pin-project-lite v0.2.8
[INFO] [stderr]    Compiling serde v1.0.136
[INFO] [stderr]    Compiling version_check v0.9.4
[INFO] [stderr]    Compiling futures-channel v0.3.21
[INFO] [stderr]    Compiling futures-task v0.3.21
[INFO] [stderr]    Compiling pkg-config v0.3.25
[INFO] [stderr]     Checking itoa v1.0.1
[INFO] [stderr]     Checking tracing-core v0.1.26
[INFO] [stderr]    Compiling cfg-if v0.1.10
[INFO] [stderr]     Checking smallvec v1.8.0
[INFO] [stderr]     Checking slab v0.4.6
[INFO] [stderr]     Checking futures-sink v0.3.21
[INFO] [stderr]    Compiling serde_json v1.0.79
[INFO] [stderr]     Checking bitflags v1.3.2
[INFO] [stderr]     Checking futures v0.1.31
[INFO] [stderr]     Checking ryu v1.0.9
[INFO] [stderr]    Compiling num-traits v0.2.14
[INFO] [stderr]    Compiling num-integer v0.1.44
[INFO] [stderr]    Compiling byteorder v1.4.3
[INFO] [stderr]    Compiling lock_api v0.4.7
[INFO] [stderr]    Compiling futures-util v0.3.21
[INFO] [stderr]    Compiling version_check v0.1.5
[INFO] [stderr]    Compiling regex-syntax v0.6.25
[INFO] [stderr]    Compiling parking_lot_core v0.9.2
[INFO] [stderr]     Checking bytes v1.1.0
[INFO] [stderr]    Compiling openssl v0.10.40
[INFO] [stderr]     Checking aho-corasick v0.7.18
[INFO] [stderr]     Checking scopeguard v1.1.0
[INFO] [stderr]    Compiling quote v1.0.18
[INFO] [stderr]    Compiling autocfg v0.1.8
[INFO] [stderr]    Compiling jobserver v0.1.24
[INFO] [stderr]     Checking rand_core v0.4.2
[INFO] [stderr]     Checking futures-io v0.3.21
[INFO] [stderr]    Compiling tinyvec v1.5.1
[INFO] [stderr]     Checking time v0.1.43
[INFO] [stderr]    Compiling cc v1.0.73
[INFO] [stderr]    Compiling crossbeam-utils v0.7.2
[INFO] [stderr]    Compiling native-tls v0.2.10
[INFO] [stderr]     Checking matches v0.1.9
[INFO] [stderr]    Compiling failure_derive v0.1.8
[INFO] [stderr]     Checking parking_lot v0.12.0
[INFO] [stderr]     Checking miniz_oxide v0.5.1
[INFO] [stderr]     Checking regex v1.5.5
[INFO] [stderr]     Checking signal-hook-registry v1.4.0
[INFO] [stderr]     Checking generic-array v0.12.4
[INFO] [stderr]     Checking mio v0.8.2
[INFO] [stderr]     Checking socket2 v0.4.4
[INFO] [stderr]    Compiling generic-array v0.14.5
[INFO] [stderr]    Compiling glob v0.2.11
[INFO] [stderr]    Compiling percent-encoding v2.1.0
[INFO] [stderr]    Compiling unicode-bidi v0.3.7
[INFO] [stderr]    Compiling gimli v0.26.1
[INFO] [stderr]    Compiling byte-tools v0.3.1
[INFO] [stderr]    Compiling adler v1.0.2
[INFO] [stderr]     Checking ppv-lite86 v0.2.16
[INFO] [stderr]    Compiling block-padding v0.1.5
[INFO] [stderr]     Checking tokio v1.17.0
[INFO] [stderr]    Compiling unicode-normalization v0.1.19
[INFO] [stderr]    Compiling form_urlencoded v1.0.1
[INFO] [stderr]    Compiling digest v0.8.1
[INFO] [stderr]     Checking atty v0.2.14
[INFO] [stderr]    Compiling clang-sys v0.26.4
[INFO] [stderr]    Compiling iovec v0.1.4
[INFO] [stderr]    Compiling net2 v0.2.37
[INFO] [stderr]    Compiling nom v4.2.3
[INFO] [stderr]    Compiling object v0.28.3
[INFO] [stderr]     Checking termcolor v1.1.3
[INFO] [stderr]    Compiling foreign-types-shared v0.1.1
[INFO] [stderr]    Compiling openssl-sys v0.9.73
[INFO] [stderr]    Compiling backtrace v0.3.65
[INFO] [stderr]    Compiling libloading v0.5.2
[INFO] [stderr]    Compiling zstd-sys v1.6.3+zstd.1.5.2
[INFO] [stderr]    Compiling proc-macro2 v0.4.30
[INFO] [stderr]    Compiling rustc-demangle v0.1.21
[INFO] [stderr]     Checking humantime v1.3.0
[INFO] [stderr]    Compiling idna v0.2.3
[INFO] [stderr]    Compiling foreign-types v0.3.2
[INFO] [stderr]    Compiling mio v0.6.23
[INFO] [stderr]    Compiling block-buffer v0.7.3
[INFO] [stderr]    Compiling url v2.2.2
[INFO] [stderr]     Checking rand_core v0.3.1
[INFO] [stderr]     Checking getrandom v0.2.6
[INFO] [stderr]    Compiling getrandom v0.1.16
[INFO] [stderr]    Compiling unicode-width v0.1.9
[INFO] [stderr]    Compiling unicode-xid v0.1.0
[INFO] [stderr]    Compiling quick-error v1.2.3
[INFO] [stderr]    Compiling pin-utils v0.1.0
[INFO] [stderr]    Compiling opaque-debug v0.2.3
[INFO] [stderr]    Compiling mio-uds v0.6.8
[INFO] [stderr]    Compiling textwrap v0.11.0
[INFO] [stderr]    Compiling addr2line v0.17.0
[INFO] [stderr]    Compiling rand_core v0.5.1
[INFO] [stderr]     Checking env_logger v0.7.1
[INFO] [stderr]    Compiling num_cpus v1.13.1
[INFO] [stderr]    Compiling indexmap v1.8.1
[INFO] [stderr]     Checking regex-automata v0.1.10
[INFO] [stderr]    Compiling bindgen v0.48.1
[INFO] [stderr]    Compiling crc32fast v1.3.2
[INFO] [stderr]    Compiling synstructure v0.12.6
[INFO] [stderr]    Compiling subtle v1.0.0
[INFO] [stderr]    Compiling openssl-probe v0.1.5
[INFO] [stderr]    Compiling ansi_term v0.12.1
[INFO] [stderr]    Compiling fake-simd v0.1.2
[INFO] [stderr]    Compiling strsim v0.8.0
[INFO] [stderr]    Compiling bytes v0.5.6
[INFO] [stderr]    Compiling minimal-lexical v0.2.1
[INFO] [stderr]    Compiling scopeguard v0.3.3
[INFO] [stderr]     Checking alloc-no-stdlib v2.0.3
[INFO] [stderr]    Compiling zstd-safe v4.1.4+zstd.1.5.2
[INFO] [stderr]    Compiling vec_map v0.8.2
[INFO] [stderr]    Compiling either v1.6.1
[INFO] [stderr]     Checking local-waker v0.1.2
[INFO] [stderr]    Compiling pin-project-lite v0.1.12
[INFO] [stderr]    Compiling clap v2.34.0
[INFO] [stderr]    Compiling itertools v0.10.3
[INFO] [stderr]    Compiling nom v7.1.1
[INFO] [stderr]    Compiling tokio v0.2.25
[INFO] [stderr]    Compiling env_logger v0.6.2
[INFO] [stderr]     Checking alloc-stdlib v0.2.1
[INFO] [stderr]    Compiling hashbrown v0.1.8
[INFO] [stderr]     Checking matchers v0.0.1
[INFO] [stderr]    Compiling rand_chacha v0.2.2
[INFO] [stderr]    Compiling crypto-mac v0.7.0
[INFO] [stderr]    Compiling cexpr v0.3.6
[INFO] [stderr]     Checking http v0.2.6
[INFO] [stderr]     Checking tracing-log v0.1.3
[INFO] [stderr]    Compiling quote v0.6.13
[INFO] [stderr]     Checking block-buffer v0.10.2
[INFO] [stderr]     Checking crypto-common v0.1.3
[INFO] [stderr]     Checking rand_core v0.6.3
[INFO] [stderr]    Compiling maybe-uninit v2.0.0
[INFO] [stderr]    Compiling rand_pcg v0.1.2
[INFO] [stderr]    Compiling rand_chacha v0.1.1
[INFO] [stderr]    Compiling rand v0.4.6
[INFO] [stderr]    Compiling ahash v0.7.6
[INFO] [stderr]    Compiling num-bigint v0.2.6
[INFO] [stderr]     Checking thread_local v1.1.4
[INFO] [stderr]     Checking sharded-slab v0.1.4
[INFO] [stderr]    Compiling remove_dir_all v0.5.3
[INFO] [stderr]     Checking serde v0.8.23
[INFO] [stderr]    Compiling fnv v1.0.7
[INFO] [stderr]    Compiling unicode_categories v0.1.1
[INFO] [stderr]    Compiling paste v1.0.7
[INFO] [stderr]    Compiling httparse v1.7.0
[INFO] [stderr]    Compiling encoding_rs v0.8.31
[INFO] [stderr]    Compiling peeking_take_while v0.1.2
[INFO] [stderr]    Compiling lexical-core v0.7.6
[INFO] [stderr]    Compiling tempdir v0.3.7
[INFO] [stderr]    Compiling sqlformat v0.1.8
[INFO] [stderr]    Compiling futures-executor v0.3.21
[INFO] [stderr]    Compiling crossbeam-queue v0.2.3
[INFO] [stderr]     Checking rand_chacha v0.3.1
[INFO] [stderr]     Checking digest v0.10.3
[INFO] [stderr]     Checking actix-service v2.0.2
[INFO] [stderr]    Compiling chrono v0.4.19
[INFO] [stderr]    Compiling rand v0.7.3
[INFO] [stderr]    Compiling hmac v0.7.1
[INFO] [stderr]     Checking brotli-decompressor v2.3.2
[INFO] [stderr]     Checking actix-utils v3.0.0
[INFO] [stderr]    Compiling bytestring v1.0.0
[INFO] [stderr]    Compiling sha-1 v0.8.2
[INFO] [stderr]    Compiling sha2 v0.8.2
[INFO] [stderr]     Checking actix-rt v2.7.0
[INFO] [stderr]    Compiling md-5 v0.8.0
[INFO] [stderr]    Compiling tracing-attributes v0.1.20
[INFO] [stderr]    Compiling openssl-macros v0.1.0
[INFO] [stderr]    Compiling futures-macro v0.3.21
[INFO] [stderr]    Compiling thiserror-impl v1.0.31
[INFO] [stderr]    Compiling async-stream-impl v0.2.1
[INFO] [stderr]     Checking serde_test v0.8.23
[INFO] [stderr]    Compiling ring v0.16.20
[INFO] [stderr]    Compiling rand v0.6.5
[INFO] [stderr]    Compiling nom v5.1.2
[INFO] [stderr]    Compiling failure v0.1.8
[INFO] [stderr]    Compiling cookie v0.16.0
[INFO] [stderr]     Checking arrayvec v0.5.2
[INFO] [stderr]    Compiling which v2.0.1
[INFO] [stderr]    Compiling eyre v0.4.3
[INFO] [stderr]    Compiling async-stream v0.2.1
[INFO] [stderr]    Compiling base64 v0.12.3
[INFO] [stderr]     Checking num_threads v0.1.5
[INFO] [stderr]    Compiling time-macros v0.2.4
[INFO] [stderr]    Compiling firestorm v0.5.0
[INFO] [stderr]     Checking cpufeatures v0.2.2
[INFO] [stderr]    Compiling hex v0.4.3
[INFO] [stderr]    Compiling unicode-segmentation v1.9.0
[INFO] [stderr]    Compiling uuid v0.8.2
[INFO] [stderr]     Checking sha-1 v0.10.0
[INFO] [stderr]    Compiling actix-router v0.5.0
[INFO] [stderr]    Compiling derive_more v0.99.17
[INFO] [stderr]     Checking tracing v0.1.34
[INFO] [stderr]    Compiling heck v0.3.3
[INFO] [stderr]    Compiling thiserror v1.0.31
[INFO] [stderr]     Checking tokio-util v0.7.1
[INFO] [stderr]     Checking linked-hash-map v0.3.0
[INFO] [stderr]     Checking brotli v3.3.4
[INFO] [stderr]    Compiling pin-project-internal v1.0.10
[INFO] [stderr]     Checking flate2 v1.0.23
[INFO] [stderr]     Checking actix-codec v0.5.0
[INFO] [stderr]     Checking rand v0.8.5
[INFO] [stderr]    Compiling futures v0.3.21
[INFO] [stderr]     Checking async-native-tls v0.3.3
[INFO] [stderr]     Checking time v0.3.9
[INFO] [stderr]     Checking rand_xorshift v0.1.1
[INFO] [stderr]     Checking rand_isaac v0.1.1
[INFO] [stderr]     Checking rand_hc v0.1.0
[INFO] [stderr]     Checking num-traits v0.1.43
[INFO] [stderr]     Checking rand_os v0.1.3
[INFO] [stderr]     Checking rand_jitter v0.1.4
[INFO] [stderr]     Checking indenter v0.3.3
[INFO] [stderr]    Compiling dotenv v0.15.0
[INFO] [stderr]     Checking owo-colors v1.3.0
[INFO] [stderr]     Checking language-tags v0.3.2
[INFO] [stderr]     Checking httpdate v1.0.2
[INFO] [stderr]     Checking untrusted v0.7.1
[INFO] [stderr]     Checking spin v0.5.2
[INFO] [stderr]     Checking yaml-rust v0.4.5
[INFO] [stderr]    Compiling sqlx-core v0.3.5
[INFO] [stderr]     Checking serde-hjson v0.9.1
[INFO] [stderr]    Compiling actix-web-codegen v4.0.0
[INFO] [stderr]     Checking pin-project v1.0.10
[INFO] [stderr]     Checking local-channel v0.1.2
[INFO] [stderr]     Checking h2 v0.3.13
[INFO] [stderr]     Checking actix-server v2.1.1
[INFO] [stderr]    Compiling actix-macros v0.2.3
[INFO] [stderr]     Checking color-backtrace v0.4.2
[INFO] [stderr]     Checking pem v0.8.3
[INFO] [stderr]     Checking futures-cpupool v0.1.8
[INFO] [stderr]     Checking base64 v0.10.1
[INFO] [stderr]     Checking rust-ini v0.13.0
[INFO] [stderr]    Compiling if_chain v1.0.2
[INFO] [stderr]     Checking ansi_term v0.11.0
[INFO] [stderr]     Checking tracing-futures v0.2.5
[INFO] [stderr]    Compiling validator v0.10.1
[INFO] [stderr]    Compiling validator_derive v0.10.1
[INFO] [stderr]    Compiling sqlx-macros v0.3.5
[INFO] [stderr]    Compiling argonautica v0.2.0
[INFO] [stderr]     Checking tracing-serde v0.1.3
[INFO] [stderr]     Checking serde_urlencoded v0.7.1
[INFO] [stderr]     Checking toml v0.5.9
[INFO] [stderr]     Checking simple_asn1 v0.4.1
[INFO] [stderr]     Checking tracing-subscriber v0.2.25
[INFO] [stderr]     Checking jsonwebtoken v7.2.0
[INFO] [stderr]     Checking config v0.10.1
[INFO] [stderr]     Checking tracing-error v0.1.2
[INFO] [stderr]     Checking color-spantrace v0.1.6
[INFO] [stderr]     Checking color-eyre v0.3.4
[INFO] [stderr]     Checking sqlx v0.3.5
[INFO] [stderr]     Checking zstd v0.10.0+zstd.1.5.2
[INFO] [stderr]     Checking actix-http v3.0.4
[INFO] [stderr]     Checking actix-web v4.0.1
[INFO] [stderr]     Checking actix_authenication v0.1.0 (/opt/rustwide/workdir)
[INFO] [stdout] error: expected one of `.`, `;`, `?`, `}`, or an operator, found `s`
[INFO] [stdout]   --> src/config/mod.rs:43:54
[INFO] [stdout]    |
[INFO] [stdout] 43 |             .connect_timeout(Duration::from_secs(30))s
[INFO] [stdout]    |                                                      ^ expected one of `.`, `;`, `?`, `}`, or an operator
[INFO] [stdout] 
[INFO] [stdout] 
[INFO] [stdout] error: expected one of `.`, `;`, `?`, `}`, or an operator, found `s`
[INFO] [stdout]   --> src/config/mod.rs:43:54
[INFO] [stdout]    |
[INFO] [stdout] 43 |             .connect_timeout(Duration::from_secs(30))s
[INFO] [stdout]    |                                                      ^ expected one of `.`, `;`, `?`, `}`, or an operator
[INFO] [stdout] 
[INFO] [stdout] 
[INFO] [stdout] warning: unused import: `std::time::Duration`
[INFO] [stdout]  --> src/config/mod.rs:4:5
[INFO] [stdout]   |
[INFO] [stdout] 4 | use std::time::Duration;
[INFO] [stdout]   |     ^^^^^^^^^^^^^^^^^^^
[INFO] [stdout]   |
[INFO] [stdout]   = note: `#[warn(unused_imports)]` on by default
[INFO] [stdout] 
[INFO] [stdout] 
[INFO] [stdout] warning: unused import: `std::time::Duration`
[INFO] [stdout]  --> src/config/mod.rs:4:5
[INFO] [stdout]   |
[INFO] [stdout] 4 | use std::time::Duration;
[INFO] [stdout]   |     ^^^^^^^^^^^^^^^^^^^
[INFO] [stdout]   |
[INFO] [stdout]   = note: `#[warn(unused_imports)]` on by default
[INFO] [stdout] 
[INFO] [stdout] 
[INFO] [stdout] error[E0308]: mismatched types
[INFO] [stdout]   --> src/config/crypto.rs:57:5
[INFO] [stdout]    |
[INFO] [stdout] 57 |     #[instrument(skip(self))]
[INFO] [stdout]    |     ^^^^^^^^^^^^^^^^^^^^^^^^^ expected `Result<String, Report<Handler>>`, found `Result<Result<String, Error>, ...>`
[INFO] [stdout]    |
[INFO] [stdout]    = note: expected enum `Result<std::string::String, ErrReport<color_eyre::Handler>>`
[INFO] [stdout]               found enum `Result<Result<std::string::String, jsonwebtoken::errors::Error>, ErrReport<_>>`
[INFO] [stdout] 
[INFO] [stdout] 
[INFO] [stdout] error[E0308]: mismatched types
[INFO] [stdout]   --> src/config/crypto.rs:57:5
[INFO] [stdout]    |
[INFO] [stdout] 57 |     #[instrument(skip(self))]
[INFO] [stdout]    |     ^^^^^^^^^^^^^^^^^^^^^^^^^ expected `Result<String, Report<Handler>>`, found `Result<Result<String, Error>, ...>`
[INFO] [stdout]    |
[INFO] [stdout]    = note: expected enum `Result<std::string::String, ErrReport<color_eyre::Handler>>`
[INFO] [stdout]               found enum `Result<Result<std::string::String, jsonwebtoken::errors::Error>, ErrReport<_>>`
[INFO] [stdout] 
[INFO] [stdout] 
[INFO] [stdout] error[E0308]: mismatched types
[INFO] [stdout]   --> src/config/crypto.rs:57:5
[INFO] [stdout]    |
[INFO] [stdout] 57 |     #[instrument(skip(self))]
[INFO] [stdout]    |     ^^^^^^^^^^^^^^^^^^^^^^^^^ expected `Result<String, Report<Handler>>`, found `Result<Result<String, Error>, ...>`
[INFO] [stdout]    |
[INFO] [stdout]    = note: expected enum `Result<std::string::String, ErrReport<color_eyre::Handler>>`
[INFO] [stdout]               found enum `Result<Result<std::string::String, jsonwebtoken::errors::Error>, ErrReport<_>>`
[INFO] [stdout] 
[INFO] [stdout] 
[INFO] [stdout] error[E0308]: mismatched types
[INFO] [stdout]   --> src/config/crypto.rs:57:5
[INFO] [stdout]    |
[INFO] [stdout] 57 |     #[instrument(skip(self))]
[INFO] [stdout]    |     ^^^^^^^^^^^^^^^^^^^^^^^^^ expected `Result<String, Report<Handler>>`, found `Result<Result<String, Error>, ...>`
[INFO] [stdout]    |
[INFO] [stdout]    = note: expected enum `Result<std::string::String, ErrReport<color_eyre::Handler>>`
[INFO] [stdout]               found enum `Result<Result<std::string::String, jsonwebtoken::errors::Error>, ErrReport<_>>`
[INFO] [stdout] 
[INFO] [stdout] 
[INFO] [stdout] error[E0308]: mismatched types
[INFO] [stdout]   --> src/config/crypto.rs:74:5
[INFO] [stdout]    |
[INFO] [stdout] 74 |     #[instrument(skip(self, token))]
[INFO] [stdout]    |     ^^^^^^^^^^^^^^^^^^^^^^^^^^^^^^^^ expected `Result<TokenData<Claims>, ...>`, found `Result<Result<..., ...>, ...>`
[INFO] [stdout]    |
[INFO] [stdout]    = note: expected enum `Result<TokenData<_>, ErrReport<color_eyre::Handler>>`
[INFO] [stdout]               found enum `Result<Result<TokenData<_>, jsonwebtoken::errors::Error>, ErrReport<_>>`
[INFO] [stdout] 
[INFO] [stdout] 
[INFO] [stdout] error[E0308]: mismatched types
[INFO] [stdout]   --> src/config/crypto.rs:74:5
[INFO] [stdout]    |
[INFO] [stdout] 74 |     #[instrument(skip(self, token))]
[INFO] [stdout]    |     ^^^^^^^^^^^^^^^^^^^^^^^^^^^^^^^^ expected `Result<TokenData<Claims>, ...>`, found `Result<Result<..., ...>, ...>`
[INFO] [stdout]    |
[INFO] [stdout]    = note: expected enum `Result<TokenData<_>, ErrReport<color_eyre::Handler>>`
[INFO] [stdout]               found enum `Result<Result<TokenData<_>, jsonwebtoken::errors::Error>, ErrReport<_>>`
[INFO] [stdout] 
[INFO] [stdout] 
[INFO] [stdout] error[E0308]: mismatched types
[INFO] [stdout]   --> src/config/crypto.rs:74:5
[INFO] [stdout]    |
[INFO] [stdout] 74 |     #[instrument(skip(self, token))]
[INFO] [stdout]    |     ^^^^^^^^^^^^^^^^^^^^^^^^^^^^^^^^ expected `Result<TokenData<Claims>, ...>`, found `Result<Result<..., ...>, ...>`
[INFO] [stdout]    |
[INFO] [stdout]    = note: expected enum `Result<TokenData<_>, ErrReport<color_eyre::Handler>>`
[INFO] [stdout]               found enum `Result<Result<TokenData<_>, jsonwebtoken::errors::Error>, ErrReport<_>>`
[INFO] [stdout] 
[INFO] [stdout] 
[INFO] [stdout] error[E0308]: mismatched types
[INFO] [stdout]   --> src/config/crypto.rs:74:5
[INFO] [stdout]    |
[INFO] [stdout] 74 |     #[instrument(skip(self, token))]
[INFO] [stdout]    |     ^^^^^^^^^^^^^^^^^^^^^^^^^^^^^^^^ expected `Result<TokenData<Claims>, ...>`, found `Result<Result<..., ...>, ...>`
[INFO] [stdout]    |
[INFO] [stdout]    = note: expected enum `Result<TokenData<_>, ErrReport<color_eyre::Handler>>`
[INFO] [stdout]               found enum `Result<Result<TokenData<_>, jsonwebtoken::errors::Error>, ErrReport<_>>`
[INFO] [stdout] 
[INFO] [stdout] 
[INFO] [stdout] error[E0063]: missing field `jwt_secret` in initializer of `CryptoService`
[INFO] [stdout]   --> src/config/mod.rs:50:9
[INFO] [stdout]    |
[INFO] [stdout] 50 |         CryptoService{
[INFO] [stdout]    |         ^^^^^^^^^^^^^ missing `jwt_secret`
[INFO] [stdout] 
[INFO] [stdout] 
[INFO] [stdout] error[E0063]: missing field `jwt_secret` in initializer of `CryptoService`
[INFO] [stdout]   --> src/config/mod.rs:50:9
[INFO] [stdout]    |
[INFO] [stdout] 50 |         CryptoService{
[INFO] [stdout]    |         ^^^^^^^^^^^^^ missing `jwt_secret`
[INFO] [stdout] 
[INFO] [stdout] 
[INFO] [stdout] error[E0599]: no method named `db_pool` found for struct `config::Config` in the current scope
[INFO] [stdout]   --> src/main.rs:23:23
[INFO] [stdout]    |
[INFO] [stdout] 23 |     let pool = config.db_pool().await
[INFO] [stdout]    |                       ^^^^^^^ help: there is a method with a similar name: `dp_pool`
[INFO] [stdout]    |
[INFO] [stdout]   ::: src/config/mod.rs:16:1
[INFO] [stdout]    |
[INFO] [stdout] 16 | pub struct Config {
[INFO] [stdout]    | ----------------- method `db_pool` not found for this struct
[INFO] [stdout] 
[INFO] [stdout] 
[INFO] [stdout] error: aborting due to 7 previous errors; 1 warning emitted
[INFO] [stdout] 
[INFO] [stdout] 
[INFO] [stdout] Some errors have detailed explanations: E0063, E0308, E0599.
[INFO] [stdout] 
[INFO] [stdout] For more information about an error, try `rustc --explain E0063`.
[INFO] [stdout] 
[INFO] [stdout] error[E0599]: no method named `db_pool` found for struct `config::Config` in the current scope
[INFO] [stdout]   --> src/main.rs:23:23
[INFO] [stdout]    |
[INFO] [stdout] 23 |     let pool = config.db_pool().await
[INFO] [stdout]    |                       ^^^^^^^ help: there is a method with a similar name: `dp_pool`
[INFO] [stdout]    |
[INFO] [stdout]   ::: src/config/mod.rs:16:1
[INFO] [stdout]    |
[INFO] [stdout] 16 | pub struct Config {
[INFO] [stdout]    | ----------------- method `db_pool` not found for this struct
[INFO] [stdout] 
[INFO] [stdout] 
[INFO] [stderr] error: could not compile `actix_authenication` (bin "actix_authenication" test) due to 8 previous errors; 1 warning emitted
[INFO] [stderr] warning: build failed, waiting for other jobs to finish...
[INFO] [stdout] error: aborting due to 7 previous errors; 1 warning emitted
[INFO] [stdout] 
[INFO] [stdout] 
[INFO] [stdout] Some errors have detailed explanations: E0063, E0308, E0599.
[INFO] [stdout] 
[INFO] [stdout] For more information about an error, try `rustc --explain E0063`.
[INFO] [stdout] 
[INFO] [stderr] error: could not compile `actix_authenication` (bin "actix_authenication") due to 8 previous errors; 1 warning emitted
[INFO] running `Command { std: "docker" "inspect" "20245a1086115e9817a4278f451333e30e430f9e11c37d043f7f9ed44384fd6e", kill_on_drop: false }`
[INFO] running `Command { std: "docker" "rm" "-f" "20245a1086115e9817a4278f451333e30e430f9e11c37d043f7f9ed44384fd6e", kill_on_drop: false }`
[INFO] [stdout] 20245a1086115e9817a4278f451333e30e430f9e11c37d043f7f9ed44384fd6e
